{"id":515,"date":"2017-02-06T06:48:29","date_gmt":"2017-02-06T06:48:29","guid":{"rendered":"http:\/\/localhost\/finance\/?page_id=515"},"modified":"2020-05-08T23:21:30","modified_gmt":"2020-05-08T20:21:30","slug":"vizyon-misyon","status":"publish","type":"page","link":"https:\/\/www.ismmmofisi.com\/?page_id=515","title":{"rendered":"V\u0130ZYON &#038; M\u0130SYON &#038; DE\u011eER"},"content":{"rendered":"<p>[vc_row][vc_column]\n\t\t<div class=\"flat-spacer \" data-desktop=\"40\" data-mobile=\"20\" data-smobile=\"10\">\t\t\t\n\t\t<\/div>[\/vc_column][\/vc_row][vc_row][vc_column width=&#8221;1\/4&#8243;][vc_column_text]<img loading=\"lazy\" decoding=\"async\" class=\"alignnone size-full wp-image-1683\" src=\"http:\/\/keyifhost.com\/SMM\/wp-content\/uploads\/2020\/05\/Viznyon_Yan-1.png\" alt=\"\" width=\"520\" height=\"740\" srcset=\"https:\/\/www.ismmmofisi.com\/wp-content\/uploads\/2020\/05\/Viznyon_Yan-1.png 520w, https:\/\/www.ismmmofisi.com\/wp-content\/uploads\/2020\/05\/Viznyon_Yan-1-211x300.png 211w\" sizes=\"auto, (max-width: 520px) 100vw, 520px\" \/>[\/vc_column_text][\/vc_column][vc_column width=&#8221;3\/4&#8243;][vc_column_text]<\/p>\n<h4><strong>Misyonumuz<\/strong><\/h4>\n<p>m\u00fc\u015fterilerimizin, \u00e7al\u0131\u015fanlar\u0131m\u0131z\u0131n ve \u00fclkemizin yarar\u0131 i\u00e7in bilgiyi do\u011fru, h\u0131zl\u0131 ve ihtiyaca uygun bir \u015fekilde<strong> \u0130SMMMOF\u0130S\u0130<\/strong> olarak de\u011fere d\u00f6n\u00fc\u015ft\u00fcrmektir.<\/p>\n<h4><strong>Vizyonumuz<\/strong><\/h4>\n<p><em class=\"\">\u00a0<\/em>yarar\u0131 zamanla anla\u015f\u0131labilen ve soyut bir kavram olan hizmetin ve bilginin g\u00fcc\u00fcn\u00fc <strong>\u0130SMMMOF\u0130S\u0130<\/strong> olarak m\u00fc\u015fterilerimizin ve hizmet talep edenlerin nezdinde fark\u0131ndal\u0131klar olu\u015fturarak s\u00fcrekli geli\u015fimlerini sa\u011flamakt\u0131r.<\/p>\n<h4 class=\"card-title\">De\u011ferlerimiz<\/h4>\n<p class=\"card-text\">&#8211; Ahlaki, mesleki ve etik de\u011ferlere ba\u011fl\u0131l\u0131k.<br \/>\n&#8211; S\u00fcrekli geli\u015fim ve kalite odakl\u0131l\u0131k.<br \/>\n&#8211; M\u00fc\u015fteri duyarl\u0131l\u0131\u011f\u0131 ile hareket etmek.<br \/>\n&#8211; Memnuniyet ve g\u00fcven sa\u011flamak.<br \/>\n&#8211; \u0130dealist olmak.<br \/>\n&#8211; Tak\u0131m ruhu ile \u00e7al\u0131\u015fmak.<br \/>\n&#8211; Topluma ve \u00e7evresine duyarl\u0131 olmak.<br \/>\n&#8211; Proaktif i\u015f yapma anlay\u0131\u015f\u0131n\u0131 benimseme ve benimsetme.<\/p>\n<p>[\/vc_column_text][\/vc_column][\/vc_row][vc_row][vc_column]\n\t\t<div class=\"flat-spacer \" data-desktop=\"40\" data-mobile=\"20\" data-smobile=\"10\">\t\t\t\n\t\t<\/div>[\/vc_column][\/vc_row]<\/p>\n","protected":false},"excerpt":{"rendered":"<p>[vc_row][vc_column][\/vc_column][\/vc_row][vc_row][vc_column width=&#8221;1\/4&#8243;][vc_column_text][\/vc_column_text][\/vc_column][vc_column width=&#8221;3\/4&#8243;][vc_column_text] Misyonumuz m\u00fc\u015fterilerimizin, \u00e7al\u0131\u015fanlar\u0131m\u0131z\u0131n ve \u00fclkemizin yarar\u0131 i\u00e7in bilgiyi do\u011fru, h\u0131zl\u0131 ve ihtiyaca uygun bir \u015fekilde \u0130SMMMOF\u0130S\u0130 olarak de\u011fere d\u00f6n\u00fc\u015ft\u00fcrmektir. Vizyonumuz \u00a0yarar\u0131 zamanla anla\u015f\u0131labilen ve soyut bir kavram olan hizmetin ve bilginin g\u00fcc\u00fcn\u00fc \u0130SMMMOF\u0130S\u0130 olarak m\u00fc\u015fterilerimizin ve hizmet talep edenlerin nezdinde fark\u0131ndal\u0131klar olu\u015fturarak s\u00fcrekli geli\u015fimlerini sa\u011flamakt\u0131r. De\u011ferlerimiz &#8211; Ahlaki, [&hellip;]<\/p>\n","protected":false},"author":1,"featured_media":0,"parent":0,"menu_order":0,"comment_status":"closed","ping_status":"closed","template":"tpl\/page_fullwidth.php","meta":{"footnotes":""},"class_list":["post-515","page","type-page","status-publish","hentry"],"_links":{"self":[{"href":"https:\/\/www.ismmmofisi.com\/index.php?rest_route=\/wp\/v2\/pages\/515","targetHints":{"allow":["GET"]}}],"collection":[{"href":"https:\/\/www.ismmmofisi.com\/index.php?rest_route=\/wp\/v2\/pages"}],"about":[{"href":"https:\/\/www.ismmmofisi.com\/index.php?rest_route=\/wp\/v2\/types\/page"}],"author":[{"embeddable":true,"href":"https:\/\/www.ismmmofisi.com\/index.php?rest_route=\/wp\/v2\/users\/1"}],"replies":[{"embeddable":true,"href":"https:\/\/www.ismmmofisi.com\/index.php?rest_route=%2Fwp%2Fv2%2Fcomments&post=515"}],"version-history":[{"count":16,"href":"https:\/\/www.ismmmofisi.com\/index.php?rest_route=\/wp\/v2\/pages\/515\/revisions"}],"predecessor-version":[{"id":1813,"href":"https:\/\/www.ismmmofisi.com\/index.php?rest_route=\/wp\/v2\/pages\/515\/revisions\/1813"}],"wp:attachment":[{"href":"https:\/\/www.ismmmofisi.com\/index.php?rest_route=%2Fwp%2Fv2%2Fmedia&parent=515"}],"curies":[{"name":"wp","href":"https:\/\/api.w.org\/{rel}","templated":true}]}}